at is z(-12)?
-37
Let j(m) = m**3 + 3*m**2 + m - 15. Let q(c) = c**3 + 2*c**2 - 16. Let d(u) = 6*j(u) - 5*q(u). Suppose -47*i = -49*i + 52. Suppose 27*n + 7 = i*n. Give d(n).
-3
Let c(g) = g**3 - 7*g**2 + 8*g + 1. Let m be c(6). Let z(f) = 183*f - 127. Let t(h) = 25*h - 18. Let s(a) = -66*t(a) + 9*z(a). Give s(m).
6
Let g(s) = 11*s + 2 + 1 + 2*s - 4*s**2 + 5*s**2. Suppose -4*q = 3*i + 35, 6 = q + 8. Calculate g(i).
-33
Let x(i) be the third derivative of -5*i**4/12 + 47*i**3/3 - 12634*i**2. Give x(9).
4
Let x(t) = -3*t - 7. Let a be 0 + 6 - (-24)/6. Let g be ((-3)/(-1))/((-1)/(-1)). Suppose o = 2*n + a + 1, -g*n = 5*o + 36. What is x(n)?
14
Let o(v) = -v**2 - 12*v - 16. Let k be o(-10). Suppose 3 - 21 = 5*f + 3*j, k*j = 3*f + 5. Let w(n) = -5*n - 10 + n + 23 - 9. What is w(f)?
16
Let l = 211 - 211. Suppose -3*s + 11*s - 16 = l. Let y(q) = -5*q + 2. Determine y(s).
-8
Let a be (-7128)/(-1440) - (76/80 - 1). Let y(v) = 21*v - 131. Determine y(a).
-26
Let u(m) = -m**3 - 5*m**2 + 5. Let c be u(-2). Let t(y) = 5*y - 18. Let d be t(c). Let w = d + 58. Let i(a) = -a + 6. Give i(w).
1
Suppose -32*v = -27*v - 45. Let o(d) = -13*d**3 + 15*d**2 + d - 3. Let k(s) = 24*s**3 - 29*s**2 - 2*s + 7. Let w(n) = -6*k(n) - 11*o(n). Calculate w(v).
0
Let v(x) be the third derivative of 1/6*x**4 + 0 + 1/6*x**3 + 89*x**2 + 0*x. Calculate v(-4).
-15
Let j(w) be the first derivative of -w**3/3 - 17*w**2/2 - 39*w - 7914. Determine j(-16).
-23
Let a(j) = 23*j**3 + 12*j**2 - 17*j + 23. Let n(t) = -5*t**3 - 3*t**2 + 3*t - 6. Let r(b) = -2*a(b) - 9*n(b). Determine r(5).
-7
Suppose 2*i - 2*u + 6*u + 46 = 0, -i + u = 29. Let z = -23 - i. Suppose 0 = -z*n + 15 - 7. Let w(g) = g**3 + g**2 - 2*g + 3. Calculate w(n).
11
Let n(i) = i**2 - 9*i - 8. Let y = 2053 + -2045. Give n(y).
-16
Let r(t) = t**2 + 19*t + 71. Let b be r(-17). Let n(a) = -b - a + 105 - 30 - 39. What is n(-2)?
1
Let q(z) be the second derivative of z**6/360 + z**5/15 + 5*z**4/12 - 6*z**3 + 79*z. Let b(j) be the second derivative of q(j). Give b(-9).
19
Let p = 22 - -13. Let t be (p + -47)*2/(-6). Let f(h) = h**2 - h - 2. Give f(t).
10
Let d be (-1)/(-4) - (-19)/4. Suppose -j - 3*b = -12, 5*b - 41 = -6*j + 2*j. Suppose j = -d*o - 1. Let t(h) = -6*h - 3. What is t(o)?
9
Let h(x) be the third derivative of 1/20*x**5 - 21*x**2 - 5/24*x**4 + 0*x + 1/6*x**3 + 0. Determine h(2).
3
Let r = -1873 + 1878. Let o(y) = 2*y**2 - 5*y + 3. Determine o(r).
28
Suppose -224 = -d - 133. Let y be ((-32)/28)/(26/d). Let c(n) = -n**2 - 7*n. What is c(y)?
12
Let g(z) be the second derivative of -2*z + 1/12*z**4 - 2/3*z**3 + 12 + 1/2*z**2. Determine g(4).
1
Let g = -5383 + 5377. Let s(l) = l**3 + 6*l**2 + 3*l + 14. Determine s(g).
-4
Let z(x) = x**2 + 13*x + 31. Let f be z(-11). Let r(u) = -f - u**2 - 3*u + 3 - 30*u + 0*u**2 + 25*u. Let i be 1*-1*(3 - -2). Determine r(i).
9
Let y(o) = 15*o**3 + 4. Let a be y(3). Let m = a + -404. Let x(q) = -2*q - 2. Calculate x(m).
-12
Let y(c) = -3*c + 36 - 128 - 2*c - 2*c**2 + 54 + 50. Determine y(-8).
-76
Suppose -28 = -3*x + 14. Suppose -x = -a - 6*a. Suppose a*z + 2*s = -16, 3*z + 4*s = -s - 28. Let m(l) = -3*l - 8. Determine m(z).
10
Let r(u) = -18*u - 44. Let h be r(-8). Suppose -h*a = -98*a. Let p(o) = -16*o - 4 + 3 + 2 + a. Determine p(1).
-15
Let l(y) = -y**3 + 3*y**2 - 5*y + 2. Let v(j) = -j**3 + 3*j**2 - 3*j + 2. Let t(f) = -f**2 + 8. Let u be t(2). Let a(c) = u*l(c) - 5*v(c). What is a(4)?
-6
Let h(a) = -a**3 + 3*a**2 + 6*a - 5. Let r be h(4). Suppose -z - 11 = -3*k, -40 = -r*z - 2*z - 4*k. Let i(p) = z - p - 4 + 5 + 0*p. What is i(4)?
1
Let t be (0/1)/((-2 - 1) + 0). Suppose 3*m + m - 16 = t. Let h(a) = -3*a**2 + m*a - 4*a - a + 0*a. Calculate h(1).
-4
Suppose 3*k = 5*a + 22, -k + 5*a + 14 = -0*a. Suppose -5*t = -z + 10, -z = -11*t + 8*t - k. Let j(p) = 3*p + 2. Calculate j(t).
-7
Suppose 148*n - 152 = -4*n. Let r(s) = -s**2 + 4 - 2*s + 2*s - 5 + s. Calculate r(n).
-1
Let h(a) = a**2 + 2*a + 4. Let j(w) = -3*w**2 + 2*w + 3. Let l(b) = 2*b**2 - b - 1. Let y(d) = -3*j(d) - 5*l(d). Let t(x) = -4*h(x) - 3*y(x). What is t(-6)?
-10
Let m = -6170 - -6170. Let r(d) = -d**3 - 16*d - 11. Give r(m).
-11
Let b(d) = -2*d**3 + 49*d**2 - 25*d + 33. Let z be b(24). Let h(w) = w**2 - w - 3. Let t be h(5). Let m(c) = 17 + z*c - t. What is m(1)?
9
Let v be (3 + -3 + 10/25)*15/1. Let k(a) = 15*a - 16. Determine k(v).
74
Let j(d) = -2*d - 3. Suppose -5 = 4*r - 116*r + 107. Calculate j(r).
-5
Let s be 2/(-11) + 2392/88. Let r(b) = 19*b - 46*b + s*b - b**2 - 1. Let x be 32/(-64)*(-6 - 0). Determine r(x).
-10
Let l(c) = 11*c - 15 + 11 + 49 + 6 - 14. Give l(-4).
-7
Let p(h) be the first derivative of -7*h**2 - 586*h - 5883. Give p(-42).
2
Suppose 4 = -k - 5*t, 5*t = -k + 6*k - 40. Let c(z) = -30*z + 151. Calculate c(k).
-29
Let m(t) = 26*t**3 + 27*t**3 - 82*t**3 + 24*t**3 + 1 + 14*t**2 + 14*t. Let b(l) = 9*l**3 - 27*l**2 - 27*l - 2. Let z(p) = -6*b(p) - 11*m(p). Calculate z(-7).
-6
Let v = -497 + 499. Let o(s) be the first derivative of 2*s**3/3 + s**2/2 - 4*s - 2. Give o(v).
6
Let v(a) = -a**2 - a. Let d be v(-3). Let z(u) be the first derivative of -u**3/3 - 7*u**2/2 - 6*u - 110630. Give z(d).
0
Let q(r) = r + 5. Let n = -31829 - -31821. Give q(n).
-3
Let g(b) = -176*b + 133 + 170 - 148*b + 310*b. Give g(22).
-5
Let x(a) = -a**3 + 3*a**2 + 10*a + 3. Suppose 13 = -5*u - 4*k + 51, u - 2*k = 16. Suppose c = 5*g + u, 4 = c - 4*g - 5. Calculate x(c).
3
Let r(v) = 11*v + 9. Let i(u) = -7*u + 4. Let k(q) = 9*q - 5. Let z(n) = 6*i(n) + 5*k(n). Let p(w) = -r(w) + 4*z(w). What is p(7)?
-6
Let f(a) = -a**2 - 9*a + 4. Let l = -336 - -340. Suppose l*w = y - 37, -4*w = 21*y - 20*y + 35. Determine f(w).
4
Let x(h) be the third derivative of h**6/40 + h**5/60 + h**4/24 + h**3/6 + 33*h**2. Suppose -19 = 14*i - 5. Determine x(i).
-2
Let d(v) = -v**3 - 4*v**2 + 2*v + 6. Let r = -139 + 233. Let n = -98 + r. Determine d(n).
-2
Let a(x) be the first derivative of x**4/2 + 28*x**3/3 - x**2 - 11*x - 2584. What is a(-14)?
17
Let m be (4 + 0)/4 - -3. Let k be 7 - (-11)/(11/m). Let n(s) = s**3 - 11*s**2 + s + 5. What is n(k)?
16
Let s(x) = x**2 - 4*x + 7. Let z be s(4). Let n(t) = -z*t**2 - 7*t**2 + t + 13*t**2. Determine n(2).
-2
Let h(f) = -4*f + 2. Let p(l) = 3*l - 2. Let n be p(-8). Let o = 27 + n. Suppose -2*x = -7 + o. Give h(x).
-10
Let j(g) = -2*g**2 - 24*g - 32. Suppose 35*m + 704 = -29*m. Determine j(m).
-10
Let r(i) = -i + 2. Let p(m) = -6*m - 19. Let w(j) = -p(j) + 3*r(j). Calculate w(-8).
1
Let k = -5 - -4. Let v be 1*k*(-3 - 2). Let a(w) = 4*w**2 + 8851 + 3*w**2 - 8848 - 6*w**2 + 0*w**2 - 7*w. Give a(v).
-7
Let p(f) = 2*f**2 + f + 2. Suppose 18*t - 6*t - 51 = -27. What is p(t)?
12
Let x(b) be the third derivative of b**4/6 - b**3/6 - 13*b**2. Let r be (-7)/((-42)/48)*1. Suppose -26*p = -22*p + r. Calculate x(p).
-9
Let m(r) = -16*r + 14. Let d = 14090 + -14087. Give m(d).
-34
Let g be -3 - (0 + 4/10)/(3/(-15)). Let j(h) = -2*h**2 - 4*h - 2. Determine j(g).
0
Let s(c) = 4*c - 6 + c**3 + 1 - 3*c**2 - 4*c**2. What is s(7)?
23
Let x be 280/21*(-48)/(-160). Let c(q) = q + 1. Let f(r) = r - 7. Let m(l) = 2*c(l) + f(l). Determine m(x).
7
Let q(x) = -x**3 - 11*x**2 + 131*x + 90. Let t be q(-18). Let l(k) be the first derivative of -26 + t*k**3 + k**2 - k - 3/2*k**4. What is l(1)?
-5
Suppose 3*g = 5*g + 70. Let c = g + 38. Suppose -2*n - 6 = -4*w, -4*n = w - c*w - 6. Let l(u) = 2*u + 1. Calculate l(w).
7
Suppose 0 = 3*r + 69 - 78. Let h(k) = -r - 40*k + 49*k + 2. Determine h(2).
17
Let w be (-567)/(-18)*(-90)/105. Let o(g) = -2*g**2 - 53*g + 32. Calculate o(w).
5
Let b(y) = 5*y**2 + 10*y + 5. Let z(o) = -7*o**2 - 11*o - 6. Let i(f) = -f**3 - 7*f**2 + 18*f - 2. Let t be i(-9). Let g(a) = t*z(a) - 3*b(a). Calculate g(-7).
4
Let i(v) = v**2 + 31*v - 176. Let a be i(5). Let t(h) = 20*h + 6 + 21*h - 43*h. Calculate t(a).
-2
Let h(u) be the first derivative of -1/24*u**4 + 0*u - 1/120*u**5 + 0*u**2 - 2 - 5/3*u**3. Let t(f) be the third derivative of h(f). What is t(-4)?
3
Let j(l) be the third derivative of 11*l**2 + 1/60*l**5 - 11/24*l**4 + 5/2*l**3 + 0 + 13*l. Calculate j(10).
5
Let u(i) = i**3 - 4*i**2 - 4*i + 20. Let h(k) = 4*k**2 + 81*k + 99. Let r be h(-19). Calculate u(r).
4
Let c(p) = -7*p**2 - p + 1. Let b(r) = -r**2 + 5*r + 